[INFO] cloning repository https://github.com/notryanb/rust-blog-demo
[INFO] running `Command { std: "git" "-c" "credential.helper=" "-c" "credential.helper=/workspace/cargo-home/bin/git-credential-null" "clone" "--bare" "https://github.com/notryanb/rust-blog-demo" "/workspace/cache/git-repos/https%3A%2F%2Fgithub.com%2Fnotryanb%2Frust-blog-demo", kill_on_drop: false }`
[INFO] [stderr] Cloning into bare repository '/workspace/cache/git-repos/https%3A%2F%2Fgithub.com%2Fnotryanb%2Frust-blog-demo'...
[INFO] running `Command { std: "git" "rev-parse" "HEAD", kill_on_drop: false }`
[INFO] [stdout] 2f37cb3c43c02b0859c2fd498d9a1bd4df097c20
[INFO] building notryanb/rust-blog-demo against master#ff34b919075f35a1787659e9c448a34b06bab8de for issue-85264
[INFO] running `Command { std: "git" "clone" "/workspace/cache/git-repos/https%3A%2F%2Fgithub.com%2Fnotryanb%2Frust-blog-demo" "/workspace/builds/worker-13/source", kill_on_drop: false }`
[INFO] [stderr] Cloning into '/workspace/builds/worker-13/source'...
[INFO] [stderr] done.
[INFO] validating manifest of git repo https://github.com/notryanb/rust-blog-demo on toolchain ff34b919075f35a1787659e9c448a34b06bab8de
[INFO] running `Command { std: "/workspace/cargo-home/bin/cargo" "+ff34b919075f35a1787659e9c448a34b06bab8de" "metadata" "--manifest-path" "Cargo.toml" "--no-deps", kill_on_drop: false }`
[INFO] started tweaking git repo https://github.com/notryanb/rust-blog-demo
[INFO] finished tweaking git repo https://github.com/notryanb/rust-blog-demo
[INFO] tweaked toml for git repo https://github.com/notryanb/rust-blog-demo written to /workspace/builds/worker-13/source/Cargo.toml
[INFO] crate git repo https://github.com/notryanb/rust-blog-demo already has a lockfile, it will not be regenerated
[INFO] running `Command { std: "/workspace/cargo-home/bin/cargo" "+ff34b919075f35a1787659e9c448a34b06bab8de" "fetch" "--manifest-path" "Cargo.toml", kill_on_drop: false }`
[INFO] running `Command { std: "docker" "create" "-v" "/var/lib/crater-agent-workspace/builds/worker-13/target:/opt/rustwide/target:rw,Z" "-v" "/var/lib/crater-agent-workspace/builds/worker-13/source:/opt/rustwide/workdir:ro,Z" "-v" "/var/lib/crater-agent-workspace/cargo-home:/opt/rustwide/cargo-home:ro,Z" "-v" "/var/lib/crater-agent-workspace/rustup-home:/opt/rustwide/rustup-home:ro,Z" "-e" "SOURCE_DIR=/opt/rustwide/workdir" "-e" "CARGO_TARGET_DIR=/opt/rustwide/target" "-e" "CARGO_HOME=/opt/rustwide/cargo-home" "-e" "RUSTUP_HOME=/opt/rustwide/rustup-home" "-w" "/opt/rustwide/workdir" "-m" "1610612736" "--user" "0:0" "--network" "none" "ghcr.io/rust-lang/crates-build-env/linux@sha256:20528e8c29e4536546f0102ce88568b16ea7538393a33fcca951030f7af10457" "/opt/rustwide/cargo-home/bin/cargo" "+ff34b919075f35a1787659e9c448a34b06bab8de" "metadata" "--no-deps" "--format-version=1", kill_on_drop: false }`
[INFO] [stdout] f61ff4a7abff1d98a4bf712f5e8481ae09f2fe55239b4f9b179b57c63e39dbca
[INFO] [stderr] WARNING: Your kernel does not support swap limit capabilities or the cgroup is not mounted. Memory limited without swap.
[INFO] running `Command { std: "docker" "start" "-a" "f61ff4a7abff1d98a4bf712f5e8481ae09f2fe55239b4f9b179b57c63e39dbca", kill_on_drop: false }`
[INFO] running `Command { std: "docker" "inspect" "f61ff4a7abff1d98a4bf712f5e8481ae09f2fe55239b4f9b179b57c63e39dbca", kill_on_drop: false }`
[INFO] running `Command { std: "docker" "rm" "-f" "f61ff4a7abff1d98a4bf712f5e8481ae09f2fe55239b4f9b179b57c63e39dbca", kill_on_drop: false }`
[INFO] [stdout] f61ff4a7abff1d98a4bf712f5e8481ae09f2fe55239b4f9b179b57c63e39dbca
[INFO] running `Command { std: "docker" "create" "-v" "/var/lib/crater-agent-workspace/builds/worker-13/target:/opt/rustwide/target:rw,Z" "-v" "/var/lib/crater-agent-workspace/builds/worker-13/source:/opt/rustwide/workdir:ro,Z" "-v" "/var/lib/crater-agent-workspace/cargo-home:/opt/rustwide/cargo-home:ro,Z" "-v" "/var/lib/crater-agent-workspace/rustup-home:/opt/rustwide/rustup-home:ro,Z" "-e" "SOURCE_DIR=/opt/rustwide/workdir" "-e" "CARGO_TARGET_DIR=/opt/rustwide/target" "-e" "CARGO_INCREMENTAL=0" "-e" "RUST_BACKTRACE=full" "-e" "RUSTFLAGS=--cap-lints=forbid" "-e" "CARGO_HOME=/opt/rustwide/cargo-home" "-e" "RUSTUP_HOME=/opt/rustwide/rustup-home" "-w" "/opt/rustwide/workdir" "-m" "1610612736" "--user" "0:0" "--network" "none" "ghcr.io/rust-lang/crates-build-env/linux@sha256:20528e8c29e4536546f0102ce88568b16ea7538393a33fcca951030f7af10457" "/opt/rustwide/cargo-home/bin/cargo" "+ff34b919075f35a1787659e9c448a34b06bab8de" "build" "--frozen" "--message-format=json", kill_on_drop: false }`
[INFO] [stdout] d0a6315cb45434635d254d1db43263128c50d2cf3523f58c640d7f63d14629e0
[INFO] [stderr] WARNING: Your kernel does not support swap limit capabilities or the cgroup is not mounted. Memory limited without swap.
[INFO] running `Command { std: "docker" "start" "-a" "d0a6315cb45434635d254d1db43263128c50d2cf3523f58c640d7f63d14629e0", kill_on_drop: false }`
[INFO] [stderr]    Compiling version_check v0.1.5
[INFO] [stderr]    Compiling unicode-xid v0.1.0
[INFO] [stderr]    Compiling serde v1.0.79
[INFO] [stderr]    Compiling cc v1.0.4
[INFO] [stderr]    Compiling unicode-normalization v0.1.5
[INFO] [stderr]    Compiling percent-encoding v1.0.1
[INFO] [stderr]    Compiling num-traits v0.1.42
[INFO] [stderr]    Compiling typenum v1.10.0
[INFO] [stderr]    Compiling safemem v0.2.0
[INFO] [stderr]    Compiling lazy_static v0.2.11
[INFO] [stderr]    Compiling ryu v0.2.6
[INFO] [stderr]    Compiling httparse v1.3.3
[INFO] [stderr]    Compiling untrusted v0.5.1
[INFO] [stderr]    Compiling safemem v0.3.0
[INFO] [stderr]    Compiling regex-syntax v0.4.2
[INFO] [stderr]    Compiling itoa v0.4.3
[INFO] [stderr]    Compiling language-tags v0.2.2
[INFO] [stderr]    Compiling unidecode v0.2.0
[INFO] [stderr]    Compiling traitobject v0.1.0
[INFO] [stderr]    Compiling typeable v0.1.2
[INFO] [stderr]    Compiling pear v0.0.20
[INFO] [stderr]    Compiling pq-sys v0.4.4
[INFO] [stderr]    Compiling humansize v1.1.0
[INFO] [stderr]    Compiling antidote v1.0.0
[INFO] [stderr]    Compiling ordermap v0.2.13
[INFO] [stderr]    Compiling pest v1.0.3
[INFO] [stderr]    Compiling pest v0.4.1
[INFO] [stderr]    Compiling opaque-debug v0.1.1
[INFO] [stderr]    Compiling num_cpus v1.8.0
[INFO] [stderr]    Compiling time v0.1.39
[INFO] [stderr]    Compiling memchr v2.0.1
[INFO] [stderr]    Compiling rand v0.4.3
[INFO] [stderr]    Compiling rand v0.3.20
[INFO] [stderr]    Compiling crossbeam-utils v0.2.2
[INFO] [stderr]    Compiling log v0.4.1
[INFO] [stderr]    Compiling isatty v0.1.9
[INFO] [stderr]    Compiling proc-macro2 v0.3.8
[INFO] [stderr]    Compiling syntex_fmt_macros v0.5.0
[INFO] [stderr]    Compiling base64 v0.6.0
[INFO] [stderr]    Compiling base64 v0.9.3
[INFO] [stderr]    Compiling thread_local v0.3.5
[INFO] [stderr]    Compiling proc-macro2 v0.4.20
[INFO] [stderr]    Compiling syn v0.11.11
[INFO] [stderr]    Compiling scheduled-thread-pool v0.2.0
[INFO] [stderr]    Compiling aho-corasick v0.6.4
[INFO] [stderr]    Compiling crossbeam-epoch v0.3.1
[INFO] [stderr]    Compiling log v0.3.9
[INFO] [stderr]    Compiling r2d2 v0.8.2
[INFO] [stderr]    Compiling num-integer v0.1.35
[INFO] [stderr]    Compiling idna v0.1.4
[INFO] [stderr]    Compiling quote v0.6.8
[INFO] [stderr]    Compiling mime v0.2.6
[INFO] [stderr]    Compiling num-iter v0.1.34
[INFO] [stderr]    Compiling unicase v1.4.2
[INFO] [stderr]    Compiling pear_codegen v0.0.20
[INFO] [stderr]    Compiling rocket v0.3.17
[INFO] [stderr]    Compiling rocket_codegen v0.3.17
[INFO] [stderr]    Compiling syn v0.14.9
[INFO] [stderr]    Compiling syn v0.15.8
[INFO] [stderr]    Compiling fake v1.2.1
[INFO] [stderr]    Compiling crossbeam-deque v0.2.0
[INFO] [stderr]    Compiling quote v0.5.2
[INFO] [stderr]    Compiling num v0.1.41
[INFO] [stderr]    Compiling rayon-core v1.4.1
[INFO] [stderr]    Compiling backtrace-sys v0.1.16
[INFO] [stderr]    Compiling regex v0.2.5
[INFO] [stderr]    Compiling syn v0.13.11
[INFO] [stderr]    Compiling slug v0.1.2
[INFO] [stderr]    Compiling rayon v0.7.1
[INFO] [stdout] error[E0557]: feature has been removed
[INFO] [stdout]  --> /opt/rustwide/cargo-home/registry/src/github.com-1ecc6299db9ec823/pear_codegen-0.0.20/src/lib.rs:1:45
[INFO] [stdout]   |
[INFO] [stdout] 1 | #![feature(plugin_registrar, rustc_private, quote)]
[INFO] [stdout]   |                                             ^^^^^ feature has been removed
[INFO] [stdout] 
[INFO] [stdout] 
[INFO] [stderr]    Compiling url v1.6.0
[INFO] [stdout] error[E0462]: found staticlib `rustc` instead of rlib or dylib
[INFO] [stdout]  --> /opt/rustwide/cargo-home/registry/src/github.com-1ecc6299db9ec823/pear_codegen-0.0.20/src/lib.rs:3:1
[INFO] [stdout]   |
[INFO] [stdout] 3 | extern crate rustc;
[INFO] [stdout]   | ^^^^^^^^^^^^^^^^^^^
[INFO] [stdout]   |
[INFO] [stdout]   = help: please recompile that crate using --crate-type lib
[INFO] [stdout]   = note: the following crate versions were found:
[INFO] [stdout]           crate `rustc`: /opt/rustwide/rustup-home/toolchains/ff34b919075f35a1787659e9c448a34b06bab8de/lib/rustlib/x86_64-unknown-linux-gnu/lib/librustc-nightly_rt.msan.a
[INFO] [stdout]           crate `rustc`: /opt/rustwide/rustup-home/toolchains/ff34b919075f35a1787659e9c448a34b06bab8de/lib/rustlib/x86_64-unknown-linux-gnu/lib/librustc-nightly_rt.lsan.a
[INFO] [stdout]           crate `rustc`: /opt/rustwide/rustup-home/toolchains/ff34b919075f35a1787659e9c448a34b06bab8de/lib/rustlib/x86_64-unknown-linux-gnu/lib/librustc-nightly_rt.asan.a
[INFO] [stdout]           crate `rustc`: /opt/rustwide/rustup-home/toolchains/ff34b919075f35a1787659e9c448a34b06bab8de/lib/rustlib/x86_64-unknown-linux-gnu/lib/librustc-nightly_rt.tsan.a
[INFO] [stdout] 
[INFO] [stdout] 
[INFO] [stderr] error: could not compile `pear_codegen`
[INFO] [stdout] error: aborting due to 2 previous errors
[INFO] [stdout] 
[INFO] [stdout] 
[INFO] [stderr] 
[INFO] [stdout] For more information about this error, try `rustc --explain E0557`.
[INFO] [stdout] 
[INFO] [stderr] To learn more, run the command again with --verbose.
[INFO] [stderr] warning: build failed, waiting for other jobs to finish...
[INFO] [stdout] error[E0713]: borrow may still be in use when destructor runs
[INFO] [stdout]    --> /opt/rustwide/cargo-home/registry/src/github.com-1ecc6299db9ec823/url-1.6.0/src/form_urlencoded.rs:261:40
[INFO] [stdout]     |
[INFO] [stdout] 259 | impl<'a> Target for ::UrlQuery<'a> {
[INFO] [stdout]     |      -- lifetime `'a` defined here
[INFO] [stdout] 260 |     fn as_mut_string(&mut self) -> &mut String { &mut self.url.serialization }
[INFO] [stdout] 261 |     fn finish(self) -> &'a mut ::Url { self.url }
[INFO] [stdout]     |                                        ^^^^^^^^ - here, drop of `self` needs exclusive access to `*self.url`, because the type `UrlQuery<'_>` implements the `Drop` trait
[INFO] [stdout]     |                                        |
[INFO] [stdout]     |                                        returning this value requires that `*self.url` is borrowed for `'a`
[INFO] [stdout] 
[INFO] [stdout] 
[INFO] [stdout] error: aborting due to previous error
[INFO] [stdout] 
[INFO] [stdout] 
[INFO] [stdout] For more information about this error, try `rustc --explain E0713`.
[INFO] [stdout] 
[INFO] [stderr] error: build failed
[INFO] running `Command { std: "docker" "inspect" "d0a6315cb45434635d254d1db43263128c50d2cf3523f58c640d7f63d14629e0", kill_on_drop: false }`
[INFO] running `Command { std: "docker" "rm" "-f" "d0a6315cb45434635d254d1db43263128c50d2cf3523f58c640d7f63d14629e0", kill_on_drop: false }`
[INFO] [stdout] d0a6315cb45434635d254d1db43263128c50d2cf3523f58c640d7f63d14629e0
